d by 371?
75
What is the remainder when 51898 is divided by 17270?
88
What is the remainder when 2929 is divided by 96?
49
What is the remainder when 379329 is divided by 189656?
17
Calculate the remainder when 4210 is divided by 4153.
57
What is the remainder when 6337 is divided by 6331?
6
What is the remainder when 684187 is divided by 33?
31
What is the remainder when 28112 is divided by 13?
6
Calculate the remainder when 27817 is divided by 9264.
25
What is the remainder when 7129 is divided by 29?
24
Calculate the remainder when 17359 is divided by 217.
216
Calculate the remainder when 29022 is divided by 994.
196
What is the remainder when 2043 is divided by 2013?
30
Calculate the remainder when 1924226 is divided by 770.
766
What is the remainder when 16475 is divided by 5491?
2
What is the remainder when 118632 is divided by 117?
111
Calculate the remainder when 22478 is divided by 22467.
11
What is the remainder when 223 is divided by 13?
2
What is the remainder when 4111 is divided by 11?
8
What is the remainder when 43678 is divided by 168?
166
What is the remainder when 24965 is divided by 29?
25
Calculate the remainder when 30310 is divided by 2325.
85
What is the remainder when 4765 is divided by 463?
135
Calculate the remainder when 3408 is divided by 454.
230
Calculate the remainder when 5050 is divided by 1215.
190
What is the remainder when 75 is divided by 9?
3
Calculate the remainder when 2371 is divided by 481.
447
Calculate the remainder when 401 is divided by 45.
41
Calculate the remainder when 119483 is divided by 59699.
85
Calculate the remainder when 2186 is divided by 466.
322
Calculate the remainder when 3178 is divided by 790.
18
Calculate the remainder when 4466 is divided by 4451.
15
Calculate the remainder when 1773111 is divided by 22.
21
Calculate the remainder when 1409897 is divided by 514.
509
What is the remainder when 762 is divided by 329?
104
What is the remainder when 1641 is divided by 87?
75
Calculate the remainder when 3577 is divided by 278.
241
Calculate the remainder when 2184 is divided by 199.
194
Calculate the remainder when 23711 is divided by 153.
149
What is the remainder when 8421878 is divided by 677?
675
What is the remainder when 7123 is divided by 8?
3
Calculate the remainder when 452480 is divided by 226236.
8
Calculate the remainder when 4395 is divided by 135.
75
What is the remainder when 2514 is divided by 1101?
312
What is the remainder when 410298 is divided by 43?
35
What is the remainder when 11390 is divided by 539?
71
Calculate the remainder when 18103 is divided by 377.
7
What is the remainder when 67458 is divided by 199?
196
Calculate the remainder when 7754 is divided by 55.
54
What is the remainder when 402413 is divided by 151?
149
Calculate the remainder when 1511 is divided by 1491.
20
What is the remainder when 279992 is divided by 44?
20
What is the remainder when 141272 is divided by 1487?
7
Calculate the remainder when 1441 is divided by 418.
187
Calculate the remainder when 116335 is divided by 1686.
1
What is the remainder when 7159 is divided by 6143?
1016
Calculate the remainder when 167775 is divided by 49.
48
Calculate the remainder when 1251159 is divided by 29.
12
What is the remainder when 15217 is divided by 1902?
1
Calculate the remainder when 18715 is divided by 260.
255
What is the remainder when 7023 is divided by 351?
3
What is the remainder when 2538 is divided by 842?
12
What is the remainder when 3887 is divided by 1238?
173
Calculate the remainder when 28552 is divided by 1358.
34
Calculate the remainder when 11121 is divided by 552.
81
Calculate the remainder when 4463 is divided by 201.
41
What is the remainder when 12041 is divided by 2696?
1257
Calculate the remainder when 79 is divided by 67.
12
Calculate the remainder when 415 is divided by 127.
34
What is the remainder when 92032 is divided by 395?
392
What is the remainder when 48665 is divided by 3241?
50
What is the remainder when 1089 is divided by 90?
9
Calculate the remainder when 2402 is divided by 891.
620
Calculate the remainder when 1045240 is divided by 18.
16
Calculate the remainder when 3911 is divided by 34.
1
Calculate the remainder when 7797 is divided by 1937.
49
What is the remainder when 5929 is divided by 105?
49
Calculate the remainder when 129894 is divided by 834.
624
Calculate the remainder when 4974 is divided by 68.
10
Calculate the remainder when 89607 is divided by 11200.
7
Calculate the remainder when 12452 is divided by 13.
11
Calculate the remainder when 6150 is divided by 143.
1
What is the remainder when 8443 is divided by 729?
424
Calculate the remainder when 84097 is divided by 272.
49
What is the remainder when 6130 is divided by 758?
66
What is the remainder when 103054 is divided by 2061?
4
What is the remainder when 76594 is divided by 19?
5
What is the remainder when 2313984 is divided by 462794?
14
What is the remainder when 1336 is divided by 286?
192
What is the remainder when 4875 is divided by 840?
675
What is the remainder when 8297 is divided by 1941?
533
Calculate the remainder when 18322 is divided by 213.
4
What is the remainder when 493944 is divided by 639?
636
What is the remainder when 20554 is divided by 129?
43
Calculate the remainder when 44108 is divided by 10.
8
Calculate the remainder when 50596 is divided by 56.
28
Calculate the remainder when 5493 is divided by 36.
21
What is the remainder when 8270 is divided by 820?
70
What is the remainder when 1395 is divided by 10?
5
What is the remainder when 37565 is divided by 3128?
29
Calculate the remainder when 1890 is divided by 77.
42
Calculate the remainder when 25161 is divided by 25129.
32
Calculate the remainder when 40722 is divided by 334.
308
Calculate the remainder when 2690624 is divided by 75.
74
Calculate the remainder when 85828 is divided by 45.
13
What is the remainder when 12895 is divided by 444?
19
What is the remainder when 528337 is divided by 543?
541
Calculate the remainder when 83167 is divided by 119.
105
Calculate the remainder when 19887 is divided by 794.
37
What is the remainder when 157 is divided by 86?
71
Calculate the remainder when 659365 is divided by 853.
849
Calculate the remainder when 6716 is divided by 104.
60
What is the remainder when 25463 is divided by 4999?
468
What is the remainder when 845079 is divided by 40?
39
Calculate the remainder when 14212 is divided by 23.
21
What is the remainder when 89152 is divided by 11?
8
What is the remainder when 57817 is divided by 9?
1
What is the remainder when 1510 is divided by 1494?
16
What is the remainder when 334793 is divided by 111594?
11
What is the remainder when 33922 is divided by 239?
223
Calculate the remainder when 3508 is divided by 733.
576
Calculate the remainder when 1706049 is divided by 51.
48
Calculate the remainder when 98019 is divided by 83.
79
Calculate the remainder when 9566 is divided by 166.
104
What is the remainder when 201980 is divided by 192?
188
What is the remainder when 24440 is divided by 64?
56
What is the remainder when 38645 is divided by 82?
23
What is the remainder when 320061 is divided by 16?
13
Calculate the remainder when 104504 is divided by 34766.
206
Calculate the remainder when 3586 is divided by 41.
19
Calculate the remainder when 1637 is divided by 633.
371
Calculate the remainder when 85733 is divided by 635.
8
What is the remainder when 2021 is divided by 393?
56
What is the remainder when 275 is divided by 52?
15
Calculate the remainder when 7295 is divided by 1214.
11
Calculate the remainder when 6521 is divided by 990.
581
Calculate the remainder when 440 is divided by 418.
22
What is the remainder when 3960 is divided by 1516?
928
Calculate the remainder when 55404 is divided by 227.
16
Calculate the remainder when 247623 is divided by 30.
3
What is the remainder when 7586 is divided by 30?
26
What is the remainder when 1085 is divided by 284?
233
What is the remainder when 65258 is divided by 253?
237
Calculate the remainder when 152004 is divided by 50666.
6
Calculate the remainder when 3661 is divided by 230.
211
Calculate the remainder when 59066 is divided by 265.
236
What is the remainder when 314796 is divided by 14308?
20
What 